{"version":"1.0","provider_name":"La Herrer\u00eda Tablao flamenco","provider_url":"https:\/\/tablaolaherreria.com\/ca","author_name":"Oficina","author_url":"https:\/\/tablaolaherreria.com\/ca\/author\/oficina\/","title":"FLAMENC ESPANYA EXPERI\u00c8NCIA - La Herrer\u00eda Tablao flamenco","type":"rich","width":600,"height":338,"html":"<blockquote class=\"wp-embedded-content\" data-secret=\"C2SuwvFlQs\"><a href=\"https:\/\/tablaolaherreria.com\/ca\/flamenc-espanya-experiencia\/\">FLAMENC ESPANYA EXPERI\u00c8NCIA<\/a><\/blockquote><iframe sandbox=\"allow-scripts\" security=\"restricted\" src=\"https:\/\/tablaolaherreria.com\/ca\/flamenc-espanya-experiencia\/embed\/#?secret=C2SuwvFlQs\" width=\"600\" height=\"338\" title=\"&#8220;FLAMENC ESPANYA EXPERI\u00c8NCIA&#8221; &#8212; La Herrer\u00eda Tablao flamenco\" data-secret=\"C2SuwvFlQs\" frameborder=\"0\" marginwidth=\"0\" marginheight=\"0\" scrolling=\"no\" class=\"wp-embedded-content\"><\/iframe><script type=\"text\/javascript\">\n\/*! This file is auto-generated *\/\n!function(d,l){\"use strict\";var e=!1,o=!1;if(l.querySelector)if(d.addEventListener)e=!0;if(d.wp=d.wp||{},!d.wp.receiveEmbedMessage)if(d.wp.receiveEmbedMessage=function(e){var t=e.data;if(t)if(t.secret||t.message||t.value)if(!\/[^a-zA-Z0-9]\/.test(t.secret)){for(var r,a,i,s=l.querySelectorAll('iframe[data-secret=\"'+t.secret+'\"]'),n=l.querySelectorAll('blockquote[data-secret=\"'+t.secret+'\"]'),o=new RegExp(\"^https?:$\",\"i\"),c=0;c<n.length;c++)n[c].style.display=\"none\";for(c=0;c<s.length;c++)if(r=s[c],e.source===r.contentWindow){if(r.removeAttribute(\"style\"),\"height\"===t.message){if(1e3<(i=parseInt(t.value,10)))i=1e3;else if(~~i<200)i=200;r.height=i}if(\"link\"===t.message)if(a=l.createElement(\"a\"),i=l.createElement(\"a\"),a.href=r.getAttribute(\"src\"),i.href=t.value,o.test(i.protocol))if(i.host===a.host)if(l.activeElement===r)d.top.location.href=t.value}}},e)d.addEventListener(\"message\",d.wp.receiveEmbedMessage,!1),l.addEventListener(\"DOMContentLoaded\",t,!1),d.addEventListener(\"load\",t,!1);function t(){if(!o){o=!0;for(var e,t,r,a=-1!==navigator.appVersion.indexOf(\"MSIE 10\"),i=!!navigator.userAgent.match(\/Trident.*rv:11\\.\/),s=l.querySelectorAll(\"iframe.wp-embedded-content\"),n=0;n<s.length;n++){if(!(r=(t=s[n]).getAttribute(\"data-secret\")))r=Math.random().toString(36).substr(2,10),t.src+=\"#?secret=\"+r,t.setAttribute(\"data-secret\",r);if(a||i)(e=t.cloneNode(!0)).removeAttribute(\"security\"),t.parentNode.replaceChild(e,t);t.contentWindow.postMessage({message:\"ready\",secret:r},\"*\")}}}}(window,document);\n<\/script>\n","description":"[vc_row][vc_column width=&#8221;1\/2&#8243;][vc_column_text]FLAMENC ESPANYA EXPERI\u00c8NCIA \u00e9s un espectacle de flamenc de tall tradicional, creat per a gira internacional sota demanda, que convida al p\u00fablic a submergir-se en l&#8217;ess\u00e8ncia m\u00e9s aut\u00e8ntica d&#8217;aquest art universal. A trav\u00e9s del canti, el ball i la m\u00fasica en directe, es mostren els pals m\u00e9s representatius del flamenc i la nostra manera d&#8217;expressar-nos i presentar-nos davant el m\u00f3n. Sobre l&#8217;escenari, l&#8217;espectador podr\u00e0 gaudir de la riquesa est\u00e8tica i simb\u00f2lica del flamenc: castanyoles, ventalls, mantons, bata de cua i elegants vestits que acompanyen cada quadre amb for\u00e7a, eleg\u00e0ncia i veritat. Un espectacle pensat per a sentir, comprendre i viure el flamenc en la seva forma m\u00e9s pura. S&#8217;interpreten cantis i balls com la sole\u00e1, les alegries de Cadis, els tangos de Granada, les sevillanes de Sevilla, les seguiriyas, el martinet de nit i les buleries, oferint un recorregut complet per la diversitat i l&#8217;\u00e0nima del flamenc.[\/vc_column_text][\/vc_column][vc_column width=&#8221;1\/2&#8243;][vc_column_text] FLAMENC ESPANYA EXPERI\u00c8NCIA Durada: 1 hora i 20 minuts Compta amb 9 artistes en escena: 3 bailaores 1 bailaor 2 cantaores 1 guitarrista 1 percussionista 1 flautista L&#8217;espectacle est\u00e0 dirigit pel ballador i core\u00f2graf Jes\u00fas Blanco, distingit amb el Premi al M\u00e8rit Cultural en reconeixement a la seva destacada traject\u00f2ria en [&hellip;]"}

La Herrería Tablao flamenco

FLAMENC ESPANYA EXPERIÈNCIA - La Herrería Tablao flamenco

<blockquote class="wp-embedded-content" data-secret="C2SuwvFlQs"><a href="https://tablaolaherreria.com/ca/flamenc-espanya-experiencia/">FLAMENC ESPANYA EXPERIÈNCIA</a></blockquote><iframe sandbox="allow-scripts" security="restricted" src="https://tablaolaherreria.com/ca/flamenc-espanya-experiencia/embed/#?secret=C2SuwvFlQs" width="600" height="338" title="&#8220;FLAMENC ESPANYA EXPERIÈNCIA&#8221; &#8212; La Herrería Tablao flamenco" data-secret="C2SuwvFlQs" frameborder="0" marginwidth="0" marginheight="0" scrolling="no" class="wp-embedded-content"></iframe><script type="text/javascript">
/*! This file is auto-generated */
!function(d,l){"use strict";var e=!1,o=!1;if(l.querySelector)if(d.addEventListener)e=!0;if(d.wp=d.wp||{},!d.wp.receiveEmbedMessage)if(d.wp.receiveEmbedMessage=function(e){var t=e.data;if(t)if(t.secret||t.message||t.value)if(!/[^a-zA-Z0-9]/.test(t.secret)){for(var r,a,i,s=l.querySelectorAll('iframe[data-secret="'+t.secret+'"]'),n=l.querySelectorAll('blockquote[data-secret="'+t.secret+'"]'),o=new RegExp("^https?:$","i"),c=0;c<n.length;c++)n[c].style.display="none";for(c=0;c<s.length;c++)if(r=s[c],e.source===r.contentWindow){if(r.removeAttribute("style"),"height"===t.message){if(1e3<(i=parseInt(t.value,10)))i=1e3;else if(~~i<200)i=200;r.height=i}if("link"===t.message)if(a=l.createElement("a"),i=l.createElement("a"),a.href=r.getAttribute("src"),i.href=t.value,o.test(i.protocol))if(i.host===a.host)if(l.activeElement===r)d.top.location.href=t.value}}},e)d.addEventListener("message",d.wp.receiveEmbedMessage,!1),l.addEventListener("DOMContentLoaded",t,!1),d.addEventListener("load",t,!1);function t(){if(!o){o=!0;for(var e,t,r,a=-1!==navigator.appVersion.indexOf("MSIE 10"),i=!!navigator.userAgent.match(/Trident.*rv:11\./),s=l.querySelectorAll("iframe.wp-embedded-content"),n=0;n<s.length;n++){if(!(r=(t=s[n]).getAttribute("data-secret")))r=Math.random().toString(36).substr(2,10),t.src+="#?secret="+r,t.setAttribute("data-secret",r);if(a||i)(e=t.cloneNode(!0)).removeAttribute("security"),t.parentNode.replaceChild(e,t);t.contentWindow.postMessage({message:"ready",secret:r},"*")}}}}(window,document);
</script>

[vc_row][vc_column width=&#8221;1/2&#8243;][vc_column_text]FLAMENC ESPANYA EXPERIÈNCIA és un espectacle de flamenc de tall tradicional, creat per a gira internacional sota demanda, que convida al públic a submergir-se en l&#8217;essència més autèntica d&#8217;aquest art universal. A través del canti, el ball i la música en directe, es mostren els pals més representatius del flamenc i la nostra manera d&#8217;expressar-nos i presentar-nos davant el món. Sobre l&#8217;escenari, l&#8217;espectador podrà gaudir de la riquesa estètica i simbòlica del flamenc: castanyoles, ventalls, mantons, bata de cua i elegants vestits que acompanyen cada quadre amb força, elegància i veritat. Un espectacle pensat per a sentir, comprendre i viure el flamenc en la seva forma més pura. S&#8217;interpreten cantis i balls com la soleá, les alegries de Cadis, els tangos de Granada, les sevillanes de Sevilla, les seguiriyas, el martinet de nit i les buleries, oferint un recorregut complet per la diversitat i l&#8217;ànima del flamenc.[/vc_column_text][/vc_column][vc_column width=&#8221;1/2&#8243;][vc_column_text] FLAMENC ESPANYA EXPERIÈNCIA Durada: 1 hora i 20 minuts Compta amb 9 artistes en escena: 3 bailaores 1 bailaor 2 cantaores 1 guitarrista 1 percussionista 1 flautista L&#8217;espectacle està dirigit pel ballador i coreògraf Jesús Blanco, distingit amb el Premi al Mèrit Cultural en reconeixement a la seva destacada trajectòria en [&hellip;]
